r when 445 is divided by 144?
13
Calculate the remainder when 13039 is divided by 163.
162
Calculate the remainder when 11 is divided by 4.
3
What is the remainder when 2431 is divided by 64?
63
What is the remainder when 1153 is divided by 77?
75
What is the remainder when 363 is divided by 206?
157
What is the remainder when 1266 is divided by 24?
18
What is the remainder when 2915 is divided by 40?
35
What is the remainder when 3283 is divided by 57?
34
Calculate the remainder when 452 is divided by 4.
0
Calculate the remainder when 249 is divided by 26.
15
Calculate the remainder when 379 is divided by 8.
3
Calculate the remainder when 1727 is divided by 34.
27
Calculate the remainder when 399 is divided by 15.
9
What is the remainder when 148 is divided by 30?
28
What is the remainder when 187 is divided by 52?
31
Calculate the remainder when 240 is divided by 6.
0
What is the remainder when 60 is divided by 42?
18
What is the remainder when 357 is divided by 110?
27
What is the remainder when 216 is divided by 69?
9
What is the remainder when 15 is divided by 5?
0
What is the remainder when 789 is divided by 3?
0
Calculate the remainder when 62 is divided by 17.
11
What is the remainder when 1353 is divided by 29?
19
What is the remainder when 4371 is divided by 9?
6
Calculate the remainder when 99 is divided by 1.
0
What is the remainder when 608 is divided by 82?
34
What is the remainder when 2551 is divided by 1268?
15
What is the remainder when 9 is divided by 5?
4
Calculate the remainder when 191 is divided by 28.
23
What is the remainder when 73 is divided by 32?
9
What is the remainder when 106 is divided by 14?
8
What is the remainder when 232 is divided by 86?
60
Calculate the remainder when 2621 is divided by 164.
161
Calculate the remainder when 1814 is divided by 53.
12
What is the remainder when 932 is divided by 24?
20
Calculate the remainder when 112 is divided by 9.
4
Calculate the remainder when 5812 is divided by 171.
169
What is the remainder when 2716 is divided by 11?
10
Calculate the remainder when 339 is divided by 38.
35
Calculate the remainder when 518 is divided by 26.
24
What is the remainder when 48 is divided by 13?
9
Calculate the remainder when 974 is divided by 110.
94
Calculate the remainder when 205 is divided by 53.
46
What is the remainder when 19 is divided by 19?
0
What is the remainder when 122 is divided by 64?
58
What is the remainder when 193 is divided by 59?
16
Calculate the remainder when 1421 is divided by 39.
17
Calculate the remainder when 4594 is divided by 11.
7
Calculate the remainder when 115 is divided by 5.
0
Calculate the remainder when 113 is divided by 13.
9
What is the remainder when 43 is divided by 4?
3
What is the remainder when 3779 is divided by 135?
134
Calculate the remainder when 268 is divided by 54.
52
Calculate the remainder when 197 is divided by 24.
5
Calculate the remainder when 5916 is divided by 1180.
16
What is the remainder when 59 is divided by 4?
3
Calculate the remainder when 186 is divided by 89.
8
What is the remainder when 89 is divided by 23?
20
Calculate the remainder when 546 is divided by 25.
21
What is the remainder when 93 is divided by 55?
38
Calculate the remainder when 2407 is divided by 47.
10
What is the remainder when 345 is divided by 52?
33
Calculate the remainder when 41877 is divided by 193.
189
What is the remainder when 412 is divided by 20?
12
What is the remainder when 394 is divided by 80?
74
Calculate the remainder when 3275 is divided by 6.
5
Calculate the remainder when 582 is divided by 150.
132
What is the remainder when 284 is divided by 33?
20
Calculate the remainder when 101 is divided by 32.
5
What is the remainder when 896 is divided by 69?
68
What is the remainder when 337 is divided by 3?
1
Calculate the remainder when 4717 is divided by 13.
11
What is the remainder when 540 is divided by 73?
29
What is the remainder when 119 is divided by 44?
31
Calculate the remainder when 24 is divided by 8.
0
What is the remainder when 611 is divided by 18?
17
What is the remainder when 596 is divided by 25?
21
Calculate the remainder when 259 is divided by 65.
64
What is the remainder when 159 is divided by 23?
21
Calculate the remainder when 898 is divided by 100.
98
What is the remainder when 4297 is divided by 612?
13
What is the remainder when 111 is divided by 20?
11
What is the remainder when 67 is divided by 35?
32
Calculate the remainder when 859 is divided by 30.
19
What is the remainder when 762 is divided by 7?
6
What is the remainder when 395 is divided by 148?
99
Calculate the remainder when 230 is divided by 24.
14
Calculate the remainder when 20789 is divided by 66.
65
What is the remainder when 23 is divided by 2?
1
What is the remainder when 1681 is divided by 557?
10
What is the remainder when 202 is divided by 12?
10
What is the remainder when 228 is divided by 68?
24
What is the remainder when 1559 is divided by 30?
29
What is the remainder when 198 is divided by 47?
10
What is the remainder when 1831 is divided by 607?
10
Calculate the remainder when 1747 is divided by 46.
45
Calculate the remainder when 3175 is divided by 45.
25
Calculate the remainder when 108 is divided by 22.
20
What is the remainder when 1050 is divided by 27?
24
What is the remainder when 713 is divided by 66?
53
What is the remainder when 271 is divided by 86?
13
Calculate the remainder when 143 is divided by 45.
8
Calculate the remainder when 3113 is divided by 18.
17
What is the remainder when 860 is divided by 20?
0
Calculate the remainder when 311 is divided by 39.
38
What is the remainder when 87 is divided by 22?
21
Calculate the remainder when 6 is divided by 4.
2
What is the remainder when 990 is divided by 246?
6
Calculate the remainder when 767 is divided by 24.
23
Calculate the remainder when 871 is divided by 19.
16
Calculate the remainder when 115 is divided by 74.
41
Calculate the remainder when 56254 is divided by 293.
291
Calculate the remainder when 999 is divided by 63.
54
What is the remainder when 186 is divided by 15?
6
What is the remainder when 1377 is divided by 46?
43
Calculate the remainder when 553 is divided by 4.
1
Calculate the remainder when 795 is divided by 32.
27
What is the remainder when 911 is divided by 904?
7
What is the remainder when 1420 is divided by 375?
295
What is the remainder when 9164 is divided by 103?
100
What is the remainder when 3287 is divided by 16?
7
What is the remainder when 668 is divided by 197?
77
Calculate the remainder when 1164 is divided by 39.
33
What is the remainder when 272 is divided by 80?
32
What is the remainder when 135 is divided by 81?
54
What is the remainder when 2798 is divided by 256?
238
Calculate the remainder when 4662 is divided by 106.
104
What is the remainder when 6033 is divided by 85?
83
Calculate the remainder when 1173 is divided by 4.
1
What is the remainder when 3663 is divided by 5?
3
Calculate the remainder when 46 is divided by 37.
9
Calculate the remainder when 1337 is divided by 264.
17
Calculate the remainder when 246 is divided by 3.
0
What is the remainder when 468 is divided by 57?
12
Calculate the remainder when 47 is divided by 21.
5
Calculate the remainder when 544 is divided by 156.
76
Calculate the remainder when 239 is divided by 80.
79
What is the remainder when 402 is divided by 9?
6
Calculate the remainder when 585 is divided by 144.
9
What is the remainder when 173 is divided by 113?
60
What is the remainder when 42 is divided by 41?
1
What is the remainder when 519 is divided by 65?
64
What is the remainder when 260 is divided by 11?
7
What is the remainder when 1129 is divided by 372?
13
Calculate the remainder when 9458 is divided by 43.
41
Calculate the remainder when 902 is divided by 24.
14
What is the remainder when 288 is divided by 186?
102
What is the remainder when 596 is divided by 43?
37
Calculate the remainder when 1698 is divided by 55.
48
What is the remainder when 85 is divided by 3?
1
Calculate the remainder when 366 is divided by 23.
21
What is the remainder when 170 is divided by 42?
2
What is the remainder when 2828 is divided by 149?
146
Calculate the remainder when 9511 is divided by 29.
28
Calculate the